{"id":1532,"date":"2025-05-14T02:30:15","date_gmt":"2025-05-14T02:30:15","guid":{"rendered":"https:\/\/casaisla.com.do\/?post_type=product&#038;p=1532"},"modified":"2025-09-30T02:31:40","modified_gmt":"2025-09-30T02:31:40","slug":"juego-de-manta-lisa-de-5-piezas-queen","status":"publish","type":"product","link":"https:\/\/casaisla.com.do\/index.php\/product\/juego-de-manta-lisa-de-5-piezas-queen\/","title":{"rendered":"Juego de manta lisa de 5 piezas, Queen"},"content":{"rendered":"<p>Precio al detalle: RD$ 725.00<\/p>\n<p>Precio al por mayor: RD$ 675.00<\/p>\n<p class=\"\" data-start=\"50\" data-end=\"337\">A\u00f1ade un toque de elegancia y simplicidad a tu dormitorio con este juego de manta lisa. Confeccionado en material suave y de alta calidad, incluye una manta tama\u00f1o queen, 2 forros de coj\u00edn y 2 fundas de almohada, todo en un dise\u00f1o liso que se adapta perfectamente a cualquier decoraci\u00f3n.<\/p>\n<p class=\"\" data-start=\"511\" data-end=\"660\"><strong data-start=\"511\" data-end=\"542\">Caracter\u00edsticas destacadas:<\/strong><br \/>\n\u2714 Dise\u00f1o liso y elegante<br data-start=\"567\" data-end=\"570\" \/>\u2714 Material suave y c\u00f3modo<br data-start=\"595\" data-end=\"598\" \/>\u2714 Perfecto para camas queen size<br data-start=\"630\" data-end=\"633\" data-is-only-node=\"\" \/>\u2714 F\u00e1cil de lavar y mantener<\/p>\n<p class=\"\" data-start=\"662\" data-end=\"737\">Transforma tu cama con estilo y confort gracias a este juego de manta lisa.<\/p>\n<p data-start=\"662\" data-end=\"737\">C\u00f3digo: MANT25-548S<\/p>\n","protected":false},"excerpt":{"rendered":"<p>Dale un toque de elegancia y sencillez a tu habitaci\u00f3n.<\/p>\n","protected":false},"featured_media":1536,"template":"","meta":{"_uag_custom_page_level_css":"","site-sidebar-layout":"default","site-content-layout":"","ast-site-content-layout":"default","site-content-style":"default","site-sidebar-style":"default","ast-global-header-display":"","ast-banner-title-visibility":"","ast-main-header-display":"","ast-hfb-above-header-display":"","ast-hfb-below-header-display":"","ast-hfb-mobile-header-display":"","site-post-title":"","ast-breadcrumbs-content":"","ast-featured-img":"","footer-sml-layout":"","theme-transparent-header-meta":"default","adv-header-id-meta":"","stick-header-meta":"","header-above-stick-meta":"","header-main-stick-meta":"","header-below-stick-meta":"","astra-migrate-meta-layouts":"set","ast-page-background-enabled":"default","ast-page-background-meta":{"desktop":{"background-color":"var(--ast-global-color-4)","background-image":"","background-repeat":"repeat","background-position":"center center","background-size":"auto","background-attachment":"scroll","background-type":"","background-media":"","overlay-type":"","overlay-color":"","overlay-opacity":"","overlay-gradient":""},"tablet":{"background-color":"","background-image":"","background-repeat":"repeat","background-position":"center center","background-size":"auto","background-attachment":"scroll","background-type":"","background-media":"","overlay-type":"","overlay-color":"","overlay-opacity":"","overlay-gradient":""},"mobile":{"background-color":"","background-image":"","background-repeat":"repeat","background-position":"center center","background-size":"auto","background-attachment":"scroll","background-type":"","background-media":"","overlay-type":"","overlay-color":"","overlay-opacity":"","overlay-gradient":""}},"ast-content-background-meta":{"desktop":{"background-color":"var(--ast-global-color-5)","background-image":"","background-repeat":"repeat","background-position":"center center","background-size":"auto","background-attachment":"scroll","background-type":"","background-media":"","overlay-type":"","overlay-color":"","overlay-opacity":"","overlay-gradient":""},"tablet":{"background-color":"var(--ast-global-color-5)","background-image":"","background-repeat":"repeat","background-position":"center center","background-size":"auto","background-attachment":"scroll","background-type":"","background-media":"","overlay-type":"","overlay-color":"","overlay-opacity":"","overlay-gradient":""},"mobile":{"background-color":"var(--ast-global-color-5)","background-image":"","background-repeat":"repeat","background-position":"center center","background-size":"auto","background-attachment":"scroll","background-type":"","background-media":"","overlay-type":"","overlay-color":"","overlay-opacity":"","overlay-gradient":""}}},"product_brand":[],"product_cat":[32],"product_tag":[143,138,139,134,135],"class_list":{"0":"post-1532","1":"product","2":"type-product","3":"status-publish","4":"has-post-thumbnail","6":"product_cat-mantas","7":"product_tag-cobija","8":"product_tag-frazada","9":"product_tag-frisa","10":"product_tag-manta","11":"product_tag-mantas","12":"desktop-align-left","13":"tablet-align-left","14":"mobile-align-left","16":"first","17":"instock","18":"sold-individually","19":"shipping-taxable","20":"purchasable","21":"product-type-simple"},"uagb_featured_image_src":{"full":["https:\/\/casaisla.com.do\/wp-content\/uploads\/2025\/05\/MANT25-548S-9.jpg",1280,1280,false],"thumbnail":["https:\/\/casaisla.com.do\/wp-content\/uploads\/2025\/05\/MANT25-548S-9-150x150.jpg",150,150,true],"medium":["https:\/\/casaisla.com.do\/wp-content\/uploads\/2025\/05\/MANT25-548S-9-300x300.jpg",300,300,true],"medium_large":["https:\/\/casaisla.com.do\/wp-content\/uploads\/2025\/05\/MANT25-548S-9-768x768.jpg",768,768,true],"large":["https:\/\/casaisla.com.do\/wp-content\/uploads\/2025\/05\/MANT25-548S-9-1024x1024.jpg",1024,1024,true],"1536x1536":["https:\/\/casaisla.com.do\/wp-content\/uploads\/2025\/05\/MANT25-548S-9.jpg",1280,1280,false],"2048x2048":["https:\/\/casaisla.com.do\/wp-content\/uploads\/2025\/05\/MANT25-548S-9.jpg",1280,1280,false],"woocommerce_thumbnail":["https:\/\/casaisla.com.do\/wp-content\/uploads\/2025\/05\/MANT25-548S-9-300x300.jpg",300,300,true],"woocommerce_single":["https:\/\/casaisla.com.do\/wp-content\/uploads\/2025\/05\/MANT25-548S-9-600x600.jpg",600,600,true],"woocommerce_gallery_thumbnail":["https:\/\/casaisla.com.do\/wp-content\/uploads\/2025\/05\/MANT25-548S-9-100x100.jpg",100,100,true],"dgwt-wcas-product-suggestion":["https:\/\/casaisla.com.do\/wp-content\/uploads\/2025\/05\/MANT25-548S-9-64x64.jpg",64,64,true]},"uagb_author_info":{"display_name":"casa isla","author_link":"https:\/\/casaisla.com.do\/index.php\/author\/"},"uagb_comment_info":0,"uagb_excerpt":"Dale un toque de elegancia y sencillez a tu habitaci\u00f3n.","jetpack_sharing_enabled":true,"_links":{"self":[{"href":"https:\/\/casaisla.com.do\/index.php\/wp-json\/wp\/v2\/product\/1532","targetHints":{"allow":["GET"]}}],"collection":[{"href":"https:\/\/casaisla.com.do\/index.php\/wp-json\/wp\/v2\/product"}],"about":[{"href":"https:\/\/casaisla.com.do\/index.php\/wp-json\/wp\/v2\/types\/product"}],"wp:featuredmedia":[{"embeddable":true,"href":"https:\/\/casaisla.com.do\/index.php\/wp-json\/wp\/v2\/media\/1536"}],"wp:attachment":[{"href":"https:\/\/casaisla.com.do\/index.php\/wp-json\/wp\/v2\/media?parent=1532"}],"wp:term":[{"taxonomy":"product_brand","embeddable":true,"href":"https:\/\/casaisla.com.do\/index.php\/wp-json\/wp\/v2\/product_brand?post=1532"},{"taxonomy":"product_cat","embeddable":true,"href":"https:\/\/casaisla.com.do\/index.php\/wp-json\/wp\/v2\/product_cat?post=1532"},{"taxonomy":"product_tag","embeddable":true,"href":"https:\/\/casaisla.com.do\/index.php\/wp-json\/wp\/v2\/product_tag?post=1532"}],"curies":[{"name":"wp","href":"https:\/\/api.w.org\/{rel}","templated":true}]}}