{"id":1922,"date":"2025-06-10T22:38:56","date_gmt":"2025-06-10T22:38:56","guid":{"rendered":"https:\/\/casaisla.com.do\/?post_type=product&#038;p=1922"},"modified":"2025-06-10T22:38:56","modified_gmt":"2025-06-10T22:38:56","slug":"dispensador-de-papel-de-bano","status":"publish","type":"product","link":"https:\/\/casaisla.com.do\/index.php\/product\/dispensador-de-papel-de-bano\/","title":{"rendered":"Dispensador de papel de ba\u00f1o"},"content":{"rendered":"<p>Precio al detalle: RD$ 450.00<\/p>\n<p>Precio al por mayor: RD$ 415.00<\/p>\n<p data-start=\"119\" data-end=\"329\">Ideal para mantener tu ba\u00f1o organizado y el papel higi\u00e9nico siempre al alcance, este dispensador es pr\u00e1ctico y funcional. Su dise\u00f1o compacto facilita el uso diario y ayuda a mantener el orden en el espacio.<\/p>\n<p data-start=\"331\" data-end=\"381\"><strong data-start=\"331\" data-end=\"355\">Medidas aproximadas:<\/strong><br data-start=\"355\" data-end=\"358\" \/>16 cm x 14 cm x 15.5 cm<\/p>\n<p data-start=\"383\" data-end=\"541\"><strong data-start=\"383\" data-end=\"414\">Caracter\u00edsticas destacadas:<\/strong><br data-start=\"414\" data-end=\"417\" \/>\u2714 Material resistente y f\u00e1cil de limpiar<br data-start=\"457\" data-end=\"460\" \/>\u2714 Dise\u00f1o compacto y moderno<br data-start=\"487\" data-end=\"490\" \/>\u2714 F\u00e1cil instalaci\u00f3n en pared o superficies planas<\/p>\n<p data-start=\"383\" data-end=\"541\">C\u00f3digo: ORGN-PAPE-727<\/p>\n","protected":false},"excerpt":{"rendered":"<p>Dispensador de papel higi\u00e9nico compacto, resistente y f\u00e1cil de instalar.<\/p>\n","protected":false},"featured_media":1923,"template":"","meta":{"_uag_custom_page_level_css":"","site-sidebar-layout":"default","site-content-layout":"","ast-site-content-layout":"default","site-content-style":"default","site-sidebar-style":"default","ast-global-header-display":"","ast-banner-title-visibility":"","ast-main-header-display":"","ast-hfb-above-header-display":"","ast-hfb-below-header-display":"","ast-hfb-mobile-header-display":"","site-post-title":"","ast-breadcrumbs-content":"","ast-featured-img":"","footer-sml-layout":"","theme-transparent-header-meta":"default","adv-header-id-meta":"","stick-header-meta":"","header-above-stick-meta":"","header-main-stick-meta":"","header-below-stick-meta":"","astra-migrate-meta-layouts":"set","ast-page-background-enabled":"default","ast-page-background-meta":{"desktop":{"background-color":"var(--ast-global-color-4)","background-image":"","background-repeat":"repeat","background-position":"center center","background-size":"auto","background-attachment":"scroll","background-type":"","background-media":"","overlay-type":"","overlay-color":"","overlay-opacity":"","overlay-gradient":""},"tablet":{"background-color":"","background-image":"","background-repeat":"repeat","background-position":"center center","background-size":"auto","background-attachment":"scroll","background-type":"","background-media":"","overlay-type":"","overlay-color":"","overlay-opacity":"","overlay-gradient":""},"mobile":{"background-color":"","background-image":"","background-repeat":"repeat","background-position":"center center","background-size":"auto","background-attachment":"scroll","background-type":"","background-media":"","overlay-type":"","overlay-color":"","overlay-opacity":"","overlay-gradient":""}},"ast-content-background-meta":{"desktop":{"background-color":"var(--ast-global-color-5)","background-image":"","background-repeat":"repeat","background-position":"center center","background-size":"auto","background-attachment":"scroll","background-type":"","background-media":"","overlay-type":"","overlay-color":"","overlay-opacity":"","overlay-gradient":""},"tablet":{"background-color":"var(--ast-global-color-5)","background-image":"","background-repeat":"repeat","background-position":"center center","background-size":"auto","background-attachment":"scroll","background-type":"","background-media":"","overlay-type":"","overlay-color":"","overlay-opacity":"","overlay-gradient":""},"mobile":{"background-color":"var(--ast-global-color-5)","background-image":"","background-repeat":"repeat","background-position":"center center","background-size":"auto","background-attachment":"scroll","background-type":"","background-media":"","overlay-type":"","overlay-color":"","overlay-opacity":"","overlay-gradient":""}}},"product_brand":[],"product_cat":[175],"product_tag":[195],"class_list":{"0":"post-1922","1":"product","2":"type-product","3":"status-publish","4":"has-post-thumbnail","6":"product_cat-todo-para-tu-bano","7":"product_tag-dispensador-de-papel","8":"desktop-align-left","9":"tablet-align-left","10":"mobile-align-left","12":"first","13":"instock","14":"sold-individually","15":"shipping-taxable","16":"purchasable","17":"product-type-simple"},"uagb_featured_image_src":{"full":["https:\/\/casaisla.com.do\/wp-content\/uploads\/2025\/06\/ORGN-PAPE-727.jpg",1551,1583,false],"thumbnail":["https:\/\/casaisla.com.do\/wp-content\/uploads\/2025\/06\/ORGN-PAPE-727-150x150.jpg",150,150,true],"medium":["https:\/\/casaisla.com.do\/wp-content\/uploads\/2025\/06\/ORGN-PAPE-727-294x300.jpg",294,300,true],"medium_large":["https:\/\/casaisla.com.do\/wp-content\/uploads\/2025\/06\/ORGN-PAPE-727-768x784.jpg",768,784,true],"large":["https:\/\/casaisla.com.do\/wp-content\/uploads\/2025\/06\/ORGN-PAPE-727-1003x1024.jpg",1003,1024,true],"1536x1536":["https:\/\/casaisla.com.do\/wp-content\/uploads\/2025\/06\/ORGN-PAPE-727-1505x1536.jpg",1505,1536,true],"2048x2048":["https:\/\/casaisla.com.do\/wp-content\/uploads\/2025\/06\/ORGN-PAPE-727.jpg",1551,1583,false],"woocommerce_thumbnail":["https:\/\/casaisla.com.do\/wp-content\/uploads\/2025\/06\/ORGN-PAPE-727-300x300.jpg",300,300,true],"woocommerce_single":["https:\/\/casaisla.com.do\/wp-content\/uploads\/2025\/06\/ORGN-PAPE-727-600x612.jpg",600,612,true],"woocommerce_gallery_thumbnail":["https:\/\/casaisla.com.do\/wp-content\/uploads\/2025\/06\/ORGN-PAPE-727-100x100.jpg",100,100,true],"dgwt-wcas-product-suggestion":["https:\/\/casaisla.com.do\/wp-content\/uploads\/2025\/06\/ORGN-PAPE-727-64x65.jpg",64,65,true]},"uagb_author_info":{"display_name":"casa isla","author_link":"https:\/\/casaisla.com.do\/index.php\/author\/"},"uagb_comment_info":0,"uagb_excerpt":"Dispensador de papel higi\u00e9nico compacto, resistente y f\u00e1cil de instalar.","jetpack_sharing_enabled":true,"_links":{"self":[{"href":"https:\/\/casaisla.com.do\/index.php\/wp-json\/wp\/v2\/product\/1922","targetHints":{"allow":["GET"]}}],"collection":[{"href":"https:\/\/casaisla.com.do\/index.php\/wp-json\/wp\/v2\/product"}],"about":[{"href":"https:\/\/casaisla.com.do\/index.php\/wp-json\/wp\/v2\/types\/product"}],"wp:featuredmedia":[{"embeddable":true,"href":"https:\/\/casaisla.com.do\/index.php\/wp-json\/wp\/v2\/media\/1923"}],"wp:attachment":[{"href":"https:\/\/casaisla.com.do\/index.php\/wp-json\/wp\/v2\/media?parent=1922"}],"wp:term":[{"taxonomy":"product_brand","embeddable":true,"href":"https:\/\/casaisla.com.do\/index.php\/wp-json\/wp\/v2\/product_brand?post=1922"},{"taxonomy":"product_cat","embeddable":true,"href":"https:\/\/casaisla.com.do\/index.php\/wp-json\/wp\/v2\/product_cat?post=1922"},{"taxonomy":"product_tag","embeddable":true,"href":"https:\/\/casaisla.com.do\/index.php\/wp-json\/wp\/v2\/product_tag?post=1922"}],"curies":[{"name":"wp","href":"https:\/\/api.w.org\/{rel}","templated":true}]}}