{"id":1942,"date":"2025-06-11T02:16:16","date_gmt":"2025-06-11T02:16:16","guid":{"rendered":"https:\/\/casaisla.com.do\/?post_type=product&#038;p=1942"},"modified":"2025-06-11T02:16:16","modified_gmt":"2025-06-11T02:16:16","slug":"juego-de-sabanas-de-7-piezas-queen","status":"publish","type":"product","link":"https:\/\/casaisla.com.do\/index.php\/product\/juego-de-sabanas-de-7-piezas-queen\/","title":{"rendered":"Juego de s\u00e1banas de 7 piezas Queen"},"content":{"rendered":"<p>Precio al detalle: RD$ 1,475.00<\/p>\n<p>Precio al por mayor: RD$ 1,395.00<\/p>\n<p data-start=\"84\" data-end=\"381\"><strong data-start=\"383\" data-end=\"395\">Queen Size <\/strong><br \/>\nIdeal para transformar tu habitaci\u00f3n en un espacio acogedor y con estilo, este set de s\u00e1banas de 7 piezas lo tiene todo para vestir tu cama con armon\u00eda y buen gusto. Su dise\u00f1o estampado aporta un toque decorativo \u00fanico, mientras sus piezas combinadas brindan confort y practicidad en el d\u00eda a d\u00eda.<\/p>\n<p data-start=\"383\" data-end=\"472\"><strong data-start=\"383\" data-end=\"395\">Incluye:<br \/>\n<\/strong>2 cortinas<br data-start=\"408\" data-end=\"411\" \/>1 alfombra<br data-start=\"421\" data-end=\"424\" \/>1 cubrecolch\u00f3n<br data-start=\"438\" data-end=\"441\" \/>1 s\u00e1bana<br data-start=\"449\" data-end=\"452\" \/>2 fundas de almohada<\/p>\n<p data-start=\"474\" data-end=\"719\">Caracter\u00edsticas destacadas:<br data-start=\"501\" data-end=\"504\" \/>\u2714 Dise\u00f1o estampado moderno y decorativo<br data-start=\"543\" data-end=\"546\" \/>\u2714 Set completo para vestir cama y ventana<br data-start=\"587\" data-end=\"590\" \/>\u2714 Material suave y c\u00f3modo al tacto<br data-start=\"624\" data-end=\"627\" \/>\u2714 Ideal para dar un cambio r\u00e1pido y elegante a tu habitaci\u00f3n<br data-start=\"687\" data-end=\"690\" \/>\u2714 F\u00e1cil de lavar y mantener<\/p>\n<p data-start=\"474\" data-end=\"719\">C\u00f3digo: SABA25-1493<\/p>\n","protected":false},"excerpt":{"rendered":"<p>Incluye cortinas, alfombra, cubrecolch\u00f3n, s\u00e1banas y fundas. \u00a1Decora y renueva tu habitaci\u00f3n con estilo!<\/p>\n","protected":false},"featured_media":1953,"template":"","meta":{"_uag_custom_page_level_css":"","site-sidebar-layout":"default","site-content-layout":"","ast-site-content-layout":"default","site-content-style":"default","site-sidebar-style":"default","ast-global-header-display":"","ast-banner-title-visibility":"","ast-main-header-display":"","ast-hfb-above-header-display":"","ast-hfb-below-header-display":"","ast-hfb-mobile-header-display":"","site-post-title":"","ast-breadcrumbs-content":"","ast-featured-img":"","footer-sml-layout":"","theme-transparent-header-meta":"default","adv-header-id-meta":"","stick-header-meta":"","header-above-stick-meta":"","header-main-stick-meta":"","header-below-stick-meta":"","astra-migrate-meta-layouts":"set","ast-page-background-enabled":"default","ast-page-background-meta":{"desktop":{"background-color":"var(--ast-global-color-4)","background-image":"","background-repeat":"repeat","background-position":"center center","background-size":"auto","background-attachment":"scroll","background-type":"","background-media":"","overlay-type":"","overlay-color":"","overlay-opacity":"","overlay-gradient":""},"tablet":{"background-color":"","background-image":"","background-repeat":"repeat","background-position":"center center","background-size":"auto","background-attachment":"scroll","background-type":"","background-media":"","overlay-type":"","overlay-color":"","overlay-opacity":"","overlay-gradient":""},"mobile":{"background-color":"","background-image":"","background-repeat":"repeat","background-position":"center center","background-size":"auto","background-attachment":"scroll","background-type":"","background-media":"","overlay-type":"","overlay-color":"","overlay-opacity":"","overlay-gradient":""}},"ast-content-background-meta":{"desktop":{"background-color":"var(--ast-global-color-5)","background-image":"","background-repeat":"repeat","background-position":"center center","background-size":"auto","background-attachment":"scroll","background-type":"","background-media":"","overlay-type":"","overlay-color":"","overlay-opacity":"","overlay-gradient":""},"tablet":{"background-color":"var(--ast-global-color-5)","background-image":"","background-repeat":"repeat","background-position":"center center","background-size":"auto","background-attachment":"scroll","background-type":"","background-media":"","overlay-type":"","overlay-color":"","overlay-opacity":"","overlay-gradient":""},"mobile":{"background-color":"var(--ast-global-color-5)","background-image":"","background-repeat":"repeat","background-position":"center center","background-size":"auto","background-attachment":"scroll","background-type":"","background-media":"","overlay-type":"","overlay-color":"","overlay-opacity":"","overlay-gradient":""}}},"product_brand":[],"product_cat":[29],"product_tag":[173,172],"class_list":{"0":"post-1942","1":"product","2":"type-product","3":"status-publish","4":"has-post-thumbnail","6":"product_cat-sabanas","7":"product_tag-juego-de-sabanas","8":"product_tag-sabanas","9":"desktop-align-left","10":"tablet-align-left","11":"mobile-align-left","13":"first","14":"instock","15":"sold-individually","16":"shipping-taxable","17":"purchasable","18":"product-type-simple"},"uagb_featured_image_src":{"full":["https:\/\/casaisla.com.do\/wp-content\/uploads\/2025\/06\/SABA25-1493-1.jpg",1200,1200,false],"thumbnail":["https:\/\/casaisla.com.do\/wp-content\/uploads\/2025\/06\/SABA25-1493-1-150x150.jpg",150,150,true],"medium":["https:\/\/casaisla.com.do\/wp-content\/uploads\/2025\/06\/SABA25-1493-1-300x300.jpg",300,300,true],"medium_large":["https:\/\/casaisla.com.do\/wp-content\/uploads\/2025\/06\/SABA25-1493-1-768x768.jpg",768,768,true],"large":["https:\/\/casaisla.com.do\/wp-content\/uploads\/2025\/06\/SABA25-1493-1-1024x1024.jpg",1024,1024,true],"1536x1536":["https:\/\/casaisla.com.do\/wp-content\/uploads\/2025\/06\/SABA25-1493-1.jpg",1200,1200,false],"2048x2048":["https:\/\/casaisla.com.do\/wp-content\/uploads\/2025\/06\/SABA25-1493-1.jpg",1200,1200,false],"woocommerce_thumbnail":["https:\/\/casaisla.com.do\/wp-content\/uploads\/2025\/06\/SABA25-1493-1-300x300.jpg",300,300,true],"woocommerce_single":["https:\/\/casaisla.com.do\/wp-content\/uploads\/2025\/06\/SABA25-1493-1-600x600.jpg",600,600,true],"woocommerce_gallery_thumbnail":["https:\/\/casaisla.com.do\/wp-content\/uploads\/2025\/06\/SABA25-1493-1-100x100.jpg",100,100,true],"dgwt-wcas-product-suggestion":["https:\/\/casaisla.com.do\/wp-content\/uploads\/2025\/06\/SABA25-1493-1-64x64.jpg",64,64,true]},"uagb_author_info":{"display_name":"casa isla","author_link":"https:\/\/casaisla.com.do\/index.php\/author\/"},"uagb_comment_info":0,"uagb_excerpt":"Incluye cortinas, alfombra, cubrecolch\u00f3n, s\u00e1banas y fundas. \u00a1Decora y renueva tu habitaci\u00f3n con estilo!","jetpack_sharing_enabled":true,"_links":{"self":[{"href":"https:\/\/casaisla.com.do\/index.php\/wp-json\/wp\/v2\/product\/1942","targetHints":{"allow":["GET"]}}],"collection":[{"href":"https:\/\/casaisla.com.do\/index.php\/wp-json\/wp\/v2\/product"}],"about":[{"href":"https:\/\/casaisla.com.do\/index.php\/wp-json\/wp\/v2\/types\/product"}],"wp:featuredmedia":[{"embeddable":true,"href":"https:\/\/casaisla.com.do\/index.php\/wp-json\/wp\/v2\/media\/1953"}],"wp:attachment":[{"href":"https:\/\/casaisla.com.do\/index.php\/wp-json\/wp\/v2\/media?parent=1942"}],"wp:term":[{"taxonomy":"product_brand","embeddable":true,"href":"https:\/\/casaisla.com.do\/index.php\/wp-json\/wp\/v2\/product_brand?post=1942"},{"taxonomy":"product_cat","embeddable":true,"href":"https:\/\/casaisla.com.do\/index.php\/wp-json\/wp\/v2\/product_cat?post=1942"},{"taxonomy":"product_tag","embeddable":true,"href":"https:\/\/casaisla.com.do\/index.php\/wp-json\/wp\/v2\/product_tag?post=1942"}],"curies":[{"name":"wp","href":"https:\/\/api.w.org\/{rel}","templated":true}]}}