{"id":2222,"date":"2025-07-01T03:24:00","date_gmt":"2025-07-01T03:24:00","guid":{"rendered":"https:\/\/casaisla.com.do\/?post_type=product&#038;p=2222"},"modified":"2025-07-01T03:24:00","modified_gmt":"2025-07-01T03:24:00","slug":"juegos-de-ollas-de-16-piezas","status":"publish","type":"product","link":"https:\/\/casaisla.com.do\/index.php\/product\/juegos-de-ollas-de-16-piezas\/","title":{"rendered":"Juegos de ollas de 16 piezas"},"content":{"rendered":"<p>Precio al detalle: RD$ 3,600.00<\/p>\n<p>Precio al por mayor: RD$ 3,400.00<\/p>\n<p>Ideal para equipar tu cocina por completo, este juego de ollas y sartenes de 16 piezas ofrece una soluci\u00f3n vers\u00e1til para todas tus necesidades culinarias. Incluye una variedad de tama\u00f1os de cacerolas y sartenes con revestimiento antiadherente, adem\u00e1s de un set de utensilios de nylon, asegurando una cocci\u00f3n eficiente y una f\u00e1cil limpieza.<\/p>\n<div class=\"response-content ng-tns-c2644251525-239\">\n<div id=\"model-response-message-contentr_045adedc736d1a6f\" class=\"markdown markdown-main-panel stronger enable-updated-hr-color\" dir=\"ltr\">\n<p><b>Contenido del juego:<\/b><\/p>\n<p>Cacerola\u00a0de 20 cm<br \/>\nCacerola de 24 cm<br \/>\nCacerola de 28 cm<br \/>\nSart\u00e9n de 28 cm<br \/>\nSart\u00e9n de 26 cm<br \/>\nSet de 6 utensilios de nylon<\/p>\n<div class=\"ng-tns-c435829761-240\">\n<section id=\"processing-state-7\" class=\"processing-state_container ng-tns-c435829761-240 is-gpi-avatar ng-trigger ng-trigger-processingStateShowHide ng-star-inserted is-done-processing\">\n<div id=\"processing-state-7-summary\" class=\"processing-state_details ng-trigger ng-trigger-menuExpansion ng-tns-c435829761-240 is-gpi-avatar ng-star-inserted\" aria-hidden=\"true\">\n<p><b style=\"font-style: inherit\">Caracter\u00edsticas destacadas:<\/b><span style=\"font-size: 16px\"><br \/>\n<\/span><strong>\u2714<\/strong><span style=\"font-size: 16px\"> Revestimiento <\/span>antiadherente<span style=\"font-size: 16px\"> para una cocci\u00f3n saludable y f\u00e1cil limpieza<br \/>\n<\/span>\u2714<span style=\"font-size: 16px\"> Variedad de <\/span>tama\u00f1os para todas tus recetas<span style=\"font-size: 16px\"><br \/>\n<\/span>\u2714<span style=\"font-size: 16px\"> Incluye <\/span>utensilios de nylon<span style=\"font-size: 16px\"> para evitar rayones<\/span><\/p>\n<\/div>\n<\/section>\n<\/div>\n<\/div>\n<\/div>\n<p>C\u00f3digo: COCI-OLLA-644<\/p>\n","protected":false},"excerpt":{"rendered":"<p>Incluye una variedad de tama\u00f1os de cacerolas y sartenes con revestimiento antiadherente.<\/p>\n","protected":false},"featured_media":2223,"template":"","meta":{"_uag_custom_page_level_css":"","site-sidebar-layout":"default","site-content-layout":"","ast-site-content-layout":"default","site-content-style":"default","site-sidebar-style":"default","ast-global-header-display":"","ast-banner-title-visibility":"","ast-main-header-display":"","ast-hfb-above-header-display":"","ast-hfb-below-header-display":"","ast-hfb-mobile-header-display":"","site-post-title":"","ast-breadcrumbs-content":"","ast-featured-img":"","footer-sml-layout":"","theme-transparent-header-meta":"default","adv-header-id-meta":"","stick-header-meta":"","header-above-stick-meta":"","header-main-stick-meta":"","header-below-stick-meta":"","astra-migrate-meta-layouts":"set","ast-page-background-enabled":"default","ast-page-background-meta":{"desktop":{"background-color":"var(--ast-global-color-4)","background-image":"","background-repeat":"repeat","background-position":"center center","background-size":"auto","background-attachment":"scroll","background-type":"","background-media":"","overlay-type":"","overlay-color":"","overlay-opacity":"","overlay-gradient":""},"tablet":{"background-color":"","background-image":"","background-repeat":"repeat","background-position":"center center","background-size":"auto","background-attachment":"scroll","background-type":"","background-media":"","overlay-type":"","overlay-color":"","overlay-opacity":"","overlay-gradient":""},"mobile":{"background-color":"","background-image":"","background-repeat":"repeat","background-position":"center center","background-size":"auto","background-attachment":"scroll","background-type":"","background-media":"","overlay-type":"","overlay-color":"","overlay-opacity":"","overlay-gradient":""}},"ast-content-background-meta":{"desktop":{"background-color":"var(--ast-global-color-5)","background-image":"","background-repeat":"repeat","background-position":"center center","background-size":"auto","background-attachment":"scroll","background-type":"","background-media":"","overlay-type":"","overlay-color":"","overlay-opacity":"","overlay-gradient":""},"tablet":{"background-color":"var(--ast-global-color-5)","background-image":"","background-repeat":"repeat","background-position":"center center","background-size":"auto","background-attachment":"scroll","background-type":"","background-media":"","overlay-type":"","overlay-color":"","overlay-opacity":"","overlay-gradient":""},"mobile":{"background-color":"var(--ast-global-color-5)","background-image":"","background-repeat":"repeat","background-position":"center center","background-size":"auto","background-attachment":"scroll","background-type":"","background-media":"","overlay-type":"","overlay-color":"","overlay-opacity":"","overlay-gradient":""}}},"product_brand":[],"product_cat":[174],"product_tag":[228],"class_list":{"0":"post-2222","1":"product","2":"type-product","3":"status-publish","4":"has-post-thumbnail","6":"product_cat-articulos-de-cocina-y-comedor","7":"product_tag-juego-de-ollas","8":"desktop-align-left","9":"tablet-align-left","10":"mobile-align-left","12":"first","13":"instock","14":"sold-individually","15":"shipping-taxable","16":"purchasable","17":"product-type-simple"},"uagb_featured_image_src":{"full":["https:\/\/casaisla.com.do\/wp-content\/uploads\/2025\/07\/COCI-OLLA-644.jpg",1600,1300,false],"thumbnail":["https:\/\/casaisla.com.do\/wp-content\/uploads\/2025\/07\/COCI-OLLA-644-150x150.jpg",150,150,true],"medium":["https:\/\/casaisla.com.do\/wp-content\/uploads\/2025\/07\/COCI-OLLA-644-300x244.jpg",300,244,true],"medium_large":["https:\/\/casaisla.com.do\/wp-content\/uploads\/2025\/07\/COCI-OLLA-644-768x624.jpg",768,624,true],"large":["https:\/\/casaisla.com.do\/wp-content\/uploads\/2025\/07\/COCI-OLLA-644-1024x832.jpg",1024,832,true],"1536x1536":["https:\/\/casaisla.com.do\/wp-content\/uploads\/2025\/07\/COCI-OLLA-644-1536x1248.jpg",1536,1248,true],"2048x2048":["https:\/\/casaisla.com.do\/wp-content\/uploads\/2025\/07\/COCI-OLLA-644.jpg",1600,1300,false],"woocommerce_thumbnail":["https:\/\/casaisla.com.do\/wp-content\/uploads\/2025\/07\/COCI-OLLA-644-300x300.jpg",300,300,true],"woocommerce_single":["https:\/\/casaisla.com.do\/wp-content\/uploads\/2025\/07\/COCI-OLLA-644-600x488.jpg",600,488,true],"woocommerce_gallery_thumbnail":["https:\/\/casaisla.com.do\/wp-content\/uploads\/2025\/07\/COCI-OLLA-644-100x100.jpg",100,100,true],"dgwt-wcas-product-suggestion":["https:\/\/casaisla.com.do\/wp-content\/uploads\/2025\/07\/COCI-OLLA-644-64x52.jpg",64,52,true]},"uagb_author_info":{"display_name":"casa isla","author_link":"https:\/\/casaisla.com.do\/index.php\/author\/"},"uagb_comment_info":0,"uagb_excerpt":"Incluye una variedad de tama\u00f1os de cacerolas y sartenes con revestimiento antiadherente.","jetpack_sharing_enabled":true,"_links":{"self":[{"href":"https:\/\/casaisla.com.do\/index.php\/wp-json\/wp\/v2\/product\/2222","targetHints":{"allow":["GET"]}}],"collection":[{"href":"https:\/\/casaisla.com.do\/index.php\/wp-json\/wp\/v2\/product"}],"about":[{"href":"https:\/\/casaisla.com.do\/index.php\/wp-json\/wp\/v2\/types\/product"}],"wp:featuredmedia":[{"embeddable":true,"href":"https:\/\/casaisla.com.do\/index.php\/wp-json\/wp\/v2\/media\/2223"}],"wp:attachment":[{"href":"https:\/\/casaisla.com.do\/index.php\/wp-json\/wp\/v2\/media?parent=2222"}],"wp:term":[{"taxonomy":"product_brand","embeddable":true,"href":"https:\/\/casaisla.com.do\/index.php\/wp-json\/wp\/v2\/product_brand?post=2222"},{"taxonomy":"product_cat","embeddable":true,"href":"https:\/\/casaisla.com.do\/index.php\/wp-json\/wp\/v2\/product_cat?post=2222"},{"taxonomy":"product_tag","embeddable":true,"href":"https:\/\/casaisla.com.do\/index.php\/wp-json\/wp\/v2\/product_tag?post=2222"}],"curies":[{"name":"wp","href":"https:\/\/api.w.org\/{rel}","templated":true}]}}