{"id":2302,"date":"2025-07-10T01:46:08","date_gmt":"2025-07-10T01:46:08","guid":{"rendered":"https:\/\/casaisla.com.do\/?post_type=product&#038;p=2302"},"modified":"2025-07-10T01:46:50","modified_gmt":"2025-07-10T01:46:50","slug":"escurridor-de-bambu-para-vajilla-y-vasos","status":"publish","type":"product","link":"https:\/\/casaisla.com.do\/index.php\/product\/escurridor-de-bambu-para-vajilla-y-vasos\/","title":{"rendered":"Escurridor de bamb\u00fa para vajilla y vasos"},"content":{"rendered":"<p>Modelo 1121-7: 33 cm\u00a0 x 12 cm\u00a0 x 10 cm<br \/>\nPrecio al detalle: RD$ 185.00<br \/>\nPrecio al por mayor: RD$ 175.00<\/p>\n<p>Modelo 1121-8: 34.5 cm x 12 cm x 10 cm<br \/>\nPrecio al detalle: RD$ 195.00<br \/>\nPrecio al por mayor: RD$ 185.00<\/p>\n<p>Escurridor de bamb\u00fa, secado higi\u00e9nico de platos y vasos, con dise\u00f1o ventilado y base antigoteo<\/p>\n<p class=\"ds-markdown-paragraph\">Ventajas destacadas:<br \/>\n\u2714\u00a0Secado r\u00e1pido: Dise\u00f1o abierto con ventilaci\u00f3n 360\u00b0<br \/>\n\u2714\u00a0Ecol\u00f3gico: Bamb\u00fa sostenible vs. pl\u00e1stico<br \/>\n\u2714\u00a0Multiusos: Para cocina o barra de caf\u00e9<\/p>\n<p>C\u00f3digo: ESCU-BAMB-1121<\/p>\n","protected":false},"excerpt":{"rendered":"<p><em>Soluci\u00f3n ecol\u00f3gica para escurrir tu vajilla despu\u00e9s del lavado.<\/em><\/p>\n","protected":false},"featured_media":2303,"template":"","meta":{"_uag_custom_page_level_css":"","site-sidebar-layout":"default","site-content-layout":"","ast-site-content-layout":"default","site-content-style":"default","site-sidebar-style":"default","ast-global-header-display":"","ast-banner-title-visibility":"","ast-main-header-display":"","ast-hfb-above-header-display":"","ast-hfb-below-header-display":"","ast-hfb-mobile-header-display":"","site-post-title":"","ast-breadcrumbs-content":"","ast-featured-img":"","footer-sml-layout":"","theme-transparent-header-meta":"default","adv-header-id-meta":"","stick-header-meta":"","header-above-stick-meta":"","header-main-stick-meta":"","header-below-stick-meta":"","astra-migrate-meta-layouts":"set","ast-page-background-enabled":"default","ast-page-background-meta":{"desktop":{"background-color":"var(--ast-global-color-4)","background-image":"","background-repeat":"repeat","background-position":"center center","background-size":"auto","background-attachment":"scroll","background-type":"","background-media":"","overlay-type":"","overlay-color":"","overlay-opacity":"","overlay-gradient":""},"tablet":{"background-color":"","background-image":"","background-repeat":"repeat","background-position":"center center","background-size":"auto","background-attachment":"scroll","background-type":"","background-media":"","overlay-type":"","overlay-color":"","overlay-opacity":"","overlay-gradient":""},"mobile":{"background-color":"","background-image":"","background-repeat":"repeat","background-position":"center center","background-size":"auto","background-attachment":"scroll","background-type":"","background-media":"","overlay-type":"","overlay-color":"","overlay-opacity":"","overlay-gradient":""}},"ast-content-background-meta":{"desktop":{"background-color":"var(--ast-global-color-5)","background-image":"","background-repeat":"repeat","background-position":"center center","background-size":"auto","background-attachment":"scroll","background-type":"","background-media":"","overlay-type":"","overlay-color":"","overlay-opacity":"","overlay-gradient":""},"tablet":{"background-color":"var(--ast-global-color-5)","background-image":"","background-repeat":"repeat","background-position":"center center","background-size":"auto","background-attachment":"scroll","background-type":"","background-media":"","overlay-type":"","overlay-color":"","overlay-opacity":"","overlay-gradient":""},"mobile":{"background-color":"var(--ast-global-color-5)","background-image":"","background-repeat":"repeat","background-position":"center center","background-size":"auto","background-attachment":"scroll","background-type":"","background-media":"","overlay-type":"","overlay-color":"","overlay-opacity":"","overlay-gradient":""}}},"product_brand":[],"product_cat":[174],"product_tag":[156],"class_list":{"0":"post-2302","1":"product","2":"type-product","3":"status-publish","4":"has-post-thumbnail","6":"product_cat-articulos-de-cocina-y-comedor","7":"product_tag-escurridor","8":"desktop-align-left","9":"tablet-align-left","10":"mobile-align-left","12":"first","13":"instock","14":"sold-individually","15":"shipping-taxable","16":"purchasable","17":"product-type-simple"},"uagb_featured_image_src":{"full":["https:\/\/casaisla.com.do\/wp-content\/uploads\/2025\/07\/ESCU-BAMB-1121.jpg",1600,1596,false],"thumbnail":["https:\/\/casaisla.com.do\/wp-content\/uploads\/2025\/07\/ESCU-BAMB-1121-150x150.jpg",150,150,true],"medium":["https:\/\/casaisla.com.do\/wp-content\/uploads\/2025\/07\/ESCU-BAMB-1121-300x300.jpg",300,300,true],"medium_large":["https:\/\/casaisla.com.do\/wp-content\/uploads\/2025\/07\/ESCU-BAMB-1121-768x766.jpg",768,766,true],"large":["https:\/\/casaisla.com.do\/wp-content\/uploads\/2025\/07\/ESCU-BAMB-1121-1024x1021.jpg",1024,1021,true],"1536x1536":["https:\/\/casaisla.com.do\/wp-content\/uploads\/2025\/07\/ESCU-BAMB-1121-1536x1532.jpg",1536,1532,true],"2048x2048":["https:\/\/casaisla.com.do\/wp-content\/uploads\/2025\/07\/ESCU-BAMB-1121.jpg",1600,1596,false],"woocommerce_thumbnail":["https:\/\/casaisla.com.do\/wp-content\/uploads\/2025\/07\/ESCU-BAMB-1121-300x300.jpg",300,300,true],"woocommerce_single":["https:\/\/casaisla.com.do\/wp-content\/uploads\/2025\/07\/ESCU-BAMB-1121-600x599.jpg",600,599,true],"woocommerce_gallery_thumbnail":["https:\/\/casaisla.com.do\/wp-content\/uploads\/2025\/07\/ESCU-BAMB-1121-100x100.jpg",100,100,true],"dgwt-wcas-product-suggestion":["https:\/\/casaisla.com.do\/wp-content\/uploads\/2025\/07\/ESCU-BAMB-1121-64x64.jpg",64,64,true]},"uagb_author_info":{"display_name":"casa isla","author_link":"https:\/\/casaisla.com.do\/index.php\/author\/"},"uagb_comment_info":0,"uagb_excerpt":"Soluci\u00f3n ecol\u00f3gica para escurrir tu vajilla despu\u00e9s del lavado.","jetpack_sharing_enabled":true,"_links":{"self":[{"href":"https:\/\/casaisla.com.do\/index.php\/wp-json\/wp\/v2\/product\/2302","targetHints":{"allow":["GET"]}}],"collection":[{"href":"https:\/\/casaisla.com.do\/index.php\/wp-json\/wp\/v2\/product"}],"about":[{"href":"https:\/\/casaisla.com.do\/index.php\/wp-json\/wp\/v2\/types\/product"}],"wp:featuredmedia":[{"embeddable":true,"href":"https:\/\/casaisla.com.do\/index.php\/wp-json\/wp\/v2\/media\/2303"}],"wp:attachment":[{"href":"https:\/\/casaisla.com.do\/index.php\/wp-json\/wp\/v2\/media?parent=2302"}],"wp:term":[{"taxonomy":"product_brand","embeddable":true,"href":"https:\/\/casaisla.com.do\/index.php\/wp-json\/wp\/v2\/product_brand?post=2302"},{"taxonomy":"product_cat","embeddable":true,"href":"https:\/\/casaisla.com.do\/index.php\/wp-json\/wp\/v2\/product_cat?post=2302"},{"taxonomy":"product_tag","embeddable":true,"href":"https:\/\/casaisla.com.do\/index.php\/wp-json\/wp\/v2\/product_tag?post=2302"}],"curies":[{"name":"wp","href":"https:\/\/api.w.org\/{rel}","templated":true}]}}