{"id":2333,"date":"2025-07-13T02:03:13","date_gmt":"2025-07-13T02:03:13","guid":{"rendered":"https:\/\/casaisla.com.do\/?post_type=product&#038;p=2333"},"modified":"2025-07-15T00:19:49","modified_gmt":"2025-07-15T00:19:49","slug":"estante-de-bano-en-acero-inoxidable","status":"publish","type":"product","link":"https:\/\/casaisla.com.do\/index.php\/product\/estante-de-bano-en-acero-inoxidable\/","title":{"rendered":"Estante de ba\u00f1o en acero inoxidable"},"content":{"rendered":"<p>Precio al detalle: RD$ 1,350.00<\/p>\n<p>Precio al por mayor: RD$ 1,275.00<\/p>\n<p class=\"ds-markdown-paragraph\"><em>Estante funcional , ideal para almacenar toallas, productos de higiene y accesorios de ba\u00f1o. Dise\u00f1o resistente a la humedad y f\u00e1cil de instalar.<\/em><\/p>\n<p class=\"ds-markdown-paragraph\"><strong>Medidas detalladas:<br \/>\n<\/strong>Alto total: 173 cm (68.1&#8243;)<br \/>\nAncho: 48.5 cm (19.1&#8243;)<br \/>\nProfundidad: 26 cm (10.2&#8243;)<\/p>\n<p class=\"ds-markdown-paragraph\"><strong>Caracter\u00edsticas destacadas:<\/strong><br \/>\n\u2714\u00a0Materiales:<br \/>\nEstructura met\u00e1lica anti\u00f3xido<br \/>\nBandejas de pl\u00e1stico ABS resistente<\/p>\n<p>C\u00f3digo: BANO-821<\/p>\n","protected":false},"excerpt":{"rendered":"<p>Amplio almacenaje en altura resistente a la humedad y el oxido.<\/p>\n","protected":false},"featured_media":2334,"template":"","meta":{"_uag_custom_page_level_css":"","site-sidebar-layout":"default","site-content-layout":"","ast-site-content-layout":"default","site-content-style":"default","site-sidebar-style":"default","ast-global-header-display":"","ast-banner-title-visibility":"","ast-main-header-display":"","ast-hfb-above-header-display":"","ast-hfb-below-header-display":"","ast-hfb-mobile-header-display":"","site-post-title":"","ast-breadcrumbs-content":"","ast-featured-img":"","footer-sml-layout":"","theme-transparent-header-meta":"default","adv-header-id-meta":"","stick-header-meta":"","header-above-stick-meta":"","header-main-stick-meta":"","header-below-stick-meta":"","astra-migrate-meta-layouts":"set","ast-page-background-enabled":"default","ast-page-background-meta":{"desktop":{"background-color":"var(--ast-global-color-4)","background-image":"","background-repeat":"repeat","background-position":"center center","background-size":"auto","background-attachment":"scroll","background-type":"","background-media":"","overlay-type":"","overlay-color":"","overlay-opacity":"","overlay-gradient":""},"tablet":{"background-color":"","background-image":"","background-repeat":"repeat","background-position":"center center","background-size":"auto","background-attachment":"scroll","background-type":"","background-media":"","overlay-type":"","overlay-color":"","overlay-opacity":"","overlay-gradient":""},"mobile":{"background-color":"","background-image":"","background-repeat":"repeat","background-position":"center center","background-size":"auto","background-attachment":"scroll","background-type":"","background-media":"","overlay-type":"","overlay-color":"","overlay-opacity":"","overlay-gradient":""}},"ast-content-background-meta":{"desktop":{"background-color":"var(--ast-global-color-5)","background-image":"","background-repeat":"repeat","background-position":"center center","background-size":"auto","background-attachment":"scroll","background-type":"","background-media":"","overlay-type":"","overlay-color":"","overlay-opacity":"","overlay-gradient":""},"tablet":{"background-color":"var(--ast-global-color-5)","background-image":"","background-repeat":"repeat","background-position":"center center","background-size":"auto","background-attachment":"scroll","background-type":"","background-media":"","overlay-type":"","overlay-color":"","overlay-opacity":"","overlay-gradient":""},"mobile":{"background-color":"var(--ast-global-color-5)","background-image":"","background-repeat":"repeat","background-position":"center center","background-size":"auto","background-attachment":"scroll","background-type":"","background-media":"","overlay-type":"","overlay-color":"","overlay-opacity":"","overlay-gradient":""}}},"product_brand":[],"product_cat":[152,175],"product_tag":[239],"class_list":{"0":"post-2333","1":"product","2":"type-product","3":"status-publish","4":"has-post-thumbnail","6":"product_cat-estantes-y-organizadores","7":"product_cat-todo-para-tu-bano","8":"product_tag-estante-de-bano","9":"desktop-align-left","10":"tablet-align-left","11":"mobile-align-left","13":"first","14":"instock","15":"sold-individually","16":"shipping-taxable","17":"purchasable","18":"product-type-simple"},"uagb_featured_image_src":{"full":["https:\/\/casaisla.com.do\/wp-content\/uploads\/2025\/07\/ESTN-BANO-821.jpg",1268,1600,false],"thumbnail":["https:\/\/casaisla.com.do\/wp-content\/uploads\/2025\/07\/ESTN-BANO-821-150x150.jpg",150,150,true],"medium":["https:\/\/casaisla.com.do\/wp-content\/uploads\/2025\/07\/ESTN-BANO-821-238x300.jpg",238,300,true],"medium_large":["https:\/\/casaisla.com.do\/wp-content\/uploads\/2025\/07\/ESTN-BANO-821-768x969.jpg",768,969,true],"large":["https:\/\/casaisla.com.do\/wp-content\/uploads\/2025\/07\/ESTN-BANO-821-812x1024.jpg",812,1024,true],"1536x1536":["https:\/\/casaisla.com.do\/wp-content\/uploads\/2025\/07\/ESTN-BANO-821-1217x1536.jpg",1217,1536,true],"2048x2048":["https:\/\/casaisla.com.do\/wp-content\/uploads\/2025\/07\/ESTN-BANO-821.jpg",1268,1600,false],"woocommerce_thumbnail":["https:\/\/casaisla.com.do\/wp-content\/uploads\/2025\/07\/ESTN-BANO-821-300x300.jpg",300,300,true],"woocommerce_single":["https:\/\/casaisla.com.do\/wp-content\/uploads\/2025\/07\/ESTN-BANO-821-600x757.jpg",600,757,true],"woocommerce_gallery_thumbnail":["https:\/\/casaisla.com.do\/wp-content\/uploads\/2025\/07\/ESTN-BANO-821-100x100.jpg",100,100,true],"dgwt-wcas-product-suggestion":["https:\/\/casaisla.com.do\/wp-content\/uploads\/2025\/07\/ESTN-BANO-821-64x81.jpg",64,81,true]},"uagb_author_info":{"display_name":"casa isla","author_link":"https:\/\/casaisla.com.do\/index.php\/author\/"},"uagb_comment_info":0,"uagb_excerpt":"Amplio almacenaje en altura resistente a la humedad y el oxido.","jetpack_sharing_enabled":true,"_links":{"self":[{"href":"https:\/\/casaisla.com.do\/index.php\/wp-json\/wp\/v2\/product\/2333","targetHints":{"allow":["GET"]}}],"collection":[{"href":"https:\/\/casaisla.com.do\/index.php\/wp-json\/wp\/v2\/product"}],"about":[{"href":"https:\/\/casaisla.com.do\/index.php\/wp-json\/wp\/v2\/types\/product"}],"wp:featuredmedia":[{"embeddable":true,"href":"https:\/\/casaisla.com.do\/index.php\/wp-json\/wp\/v2\/media\/2334"}],"wp:attachment":[{"href":"https:\/\/casaisla.com.do\/index.php\/wp-json\/wp\/v2\/media?parent=2333"}],"wp:term":[{"taxonomy":"product_brand","embeddable":true,"href":"https:\/\/casaisla.com.do\/index.php\/wp-json\/wp\/v2\/product_brand?post=2333"},{"taxonomy":"product_cat","embeddable":true,"href":"https:\/\/casaisla.com.do\/index.php\/wp-json\/wp\/v2\/product_cat?post=2333"},{"taxonomy":"product_tag","embeddable":true,"href":"https:\/\/casaisla.com.do\/index.php\/wp-json\/wp\/v2\/product_tag?post=2333"}],"curies":[{"name":"wp","href":"https:\/\/api.w.org\/{rel}","templated":true}]}}