{"id":2454,"date":"2025-09-06T01:20:33","date_gmt":"2025-09-06T01:20:33","guid":{"rendered":"https:\/\/casaisla.com.do\/?post_type=product&#038;p=2454"},"modified":"2025-09-06T01:20:33","modified_gmt":"2025-09-06T01:20:33","slug":"sarten-antiadherente-multiuso","status":"publish","type":"product","link":"https:\/\/casaisla.com.do\/index.php\/product\/sarten-antiadherente-multiuso\/","title":{"rendered":"Sart\u00e9n antiadherente multiuso"},"content":{"rendered":"<p>Precio al detalle: RD$ 650.00<\/p>\n<p>Precio al por mayor: RD$ 595.00<\/p>\n<p data-start=\"216\" data-end=\"573\">Perfecta para optimizar tu tiempo en la cocina, esta sart\u00e9n multiuso cuenta con compartimentos que permiten preparar diferentes alimentos de manera simult\u00e1nea sin que se mezclen los sabores. Su recubrimiento antiadherente facilita la cocci\u00f3n y limpieza, mientras que su dise\u00f1o compacto y funcional la hace ideal para el d\u00eda a d\u00eda.<\/p>\n<p data-start=\"575\" data-end=\"616\">Medidas aproximadas:<br data-start=\"595\" data-end=\"598\" \/>19 x 19 x 2.5 cm<\/p>\n<p data-start=\"618\" data-end=\"888\" data-is-last-node=\"\" data-is-only-node=\"\">Caracter\u00edsticas destacadas:<br data-start=\"645\" data-end=\"648\" \/>\u2714 Varios compartimentos para cocinar diferentes alimentos a la vez<br data-start=\"714\" data-end=\"717\" \/>\u2714 Recubrimiento antiadherente de f\u00e1cil limpieza<br data-start=\"764\" data-end=\"767\" \/>\u2714 Ahorra tiempo y espacio en la cocina<br data-start=\"805\" data-end=\"808\" \/>\u2714 Calienta de manera uniforme<br data-start=\"837\" data-end=\"840\" \/>\u2714 Dise\u00f1o pr\u00e1ctico y resistente para uso diario<\/p>\n<p data-start=\"618\" data-end=\"888\" data-is-last-node=\"\" data-is-only-node=\"\">C\u00f3digo: SART-MULT-1161A<\/p>\n","protected":false},"excerpt":{"rendered":"<p>Dise\u00f1ada para cocinar varios alimentos al mismo tiempo de forma pr\u00e1ctica y r\u00e1pida.<\/p>\n","protected":false},"featured_media":2455,"template":"","meta":{"_uag_custom_page_level_css":"","site-sidebar-layout":"default","site-content-layout":"","ast-site-content-layout":"default","site-content-style":"default","site-sidebar-style":"default","ast-global-header-display":"","ast-banner-title-visibility":"","ast-main-header-display":"","ast-hfb-above-header-display":"","ast-hfb-below-header-display":"","ast-hfb-mobile-header-display":"","site-post-title":"","ast-breadcrumbs-content":"","ast-featured-img":"","footer-sml-layout":"","theme-transparent-header-meta":"default","adv-header-id-meta":"","stick-header-meta":"","header-above-stick-meta":"","header-main-stick-meta":"","header-below-stick-meta":"","astra-migrate-meta-layouts":"set","ast-page-background-enabled":"default","ast-page-background-meta":{"desktop":{"background-color":"var(--ast-global-color-4)","background-image":"","background-repeat":"repeat","background-position":"center center","background-size":"auto","background-attachment":"scroll","background-type":"","background-media":"","overlay-type":"","overlay-color":"","overlay-opacity":"","overlay-gradient":""},"tablet":{"background-color":"","background-image":"","background-repeat":"repeat","background-position":"center center","background-size":"auto","background-attachment":"scroll","background-type":"","background-media":"","overlay-type":"","overlay-color":"","overlay-opacity":"","overlay-gradient":""},"mobile":{"background-color":"","background-image":"","background-repeat":"repeat","background-position":"center center","background-size":"auto","background-attachment":"scroll","background-type":"","background-media":"","overlay-type":"","overlay-color":"","overlay-opacity":"","overlay-gradient":""}},"ast-content-background-meta":{"desktop":{"background-color":"var(--ast-global-color-5)","background-image":"","background-repeat":"repeat","background-position":"center center","background-size":"auto","background-attachment":"scroll","background-type":"","background-media":"","overlay-type":"","overlay-color":"","overlay-opacity":"","overlay-gradient":""},"tablet":{"background-color":"var(--ast-global-color-5)","background-image":"","background-repeat":"repeat","background-position":"center center","background-size":"auto","background-attachment":"scroll","background-type":"","background-media":"","overlay-type":"","overlay-color":"","overlay-opacity":"","overlay-gradient":""},"mobile":{"background-color":"var(--ast-global-color-5)","background-image":"","background-repeat":"repeat","background-position":"center center","background-size":"auto","background-attachment":"scroll","background-type":"","background-media":"","overlay-type":"","overlay-color":"","overlay-opacity":"","overlay-gradient":""}}},"product_brand":[],"product_cat":[174],"product_tag":[279],"class_list":{"0":"post-2454","1":"product","2":"type-product","3":"status-publish","4":"has-post-thumbnail","6":"product_cat-articulos-de-cocina-y-comedor","7":"product_tag-sarten","8":"desktop-align-left","9":"tablet-align-left","10":"mobile-align-left","12":"first","13":"instock","14":"sold-individually","15":"shipping-taxable","16":"purchasable","17":"product-type-simple"},"uagb_featured_image_src":{"full":["https:\/\/casaisla.com.do\/wp-content\/uploads\/2025\/09\/SART-MULT-1161A.jpg",1500,1500,false],"thumbnail":["https:\/\/casaisla.com.do\/wp-content\/uploads\/2025\/09\/SART-MULT-1161A-150x150.jpg",150,150,true],"medium":["https:\/\/casaisla.com.do\/wp-content\/uploads\/2025\/09\/SART-MULT-1161A-300x300.jpg",300,300,true],"medium_large":["https:\/\/casaisla.com.do\/wp-content\/uploads\/2025\/09\/SART-MULT-1161A-768x768.jpg",768,768,true],"large":["https:\/\/casaisla.com.do\/wp-content\/uploads\/2025\/09\/SART-MULT-1161A-1024x1024.jpg",1024,1024,true],"1536x1536":["https:\/\/casaisla.com.do\/wp-content\/uploads\/2025\/09\/SART-MULT-1161A.jpg",1500,1500,false],"2048x2048":["https:\/\/casaisla.com.do\/wp-content\/uploads\/2025\/09\/SART-MULT-1161A.jpg",1500,1500,false],"woocommerce_thumbnail":["https:\/\/casaisla.com.do\/wp-content\/uploads\/2025\/09\/SART-MULT-1161A-300x300.jpg",300,300,true],"woocommerce_single":["https:\/\/casaisla.com.do\/wp-content\/uploads\/2025\/09\/SART-MULT-1161A-600x600.jpg",600,600,true],"woocommerce_gallery_thumbnail":["https:\/\/casaisla.com.do\/wp-content\/uploads\/2025\/09\/SART-MULT-1161A-100x100.jpg",100,100,true],"dgwt-wcas-product-suggestion":["https:\/\/casaisla.com.do\/wp-content\/uploads\/2025\/09\/SART-MULT-1161A-64x64.jpg",64,64,true]},"uagb_author_info":{"display_name":"casa isla","author_link":"https:\/\/casaisla.com.do\/index.php\/author\/"},"uagb_comment_info":0,"uagb_excerpt":"Dise\u00f1ada para cocinar varios alimentos al mismo tiempo de forma pr\u00e1ctica y r\u00e1pida.","jetpack_sharing_enabled":true,"_links":{"self":[{"href":"https:\/\/casaisla.com.do\/index.php\/wp-json\/wp\/v2\/product\/2454","targetHints":{"allow":["GET"]}}],"collection":[{"href":"https:\/\/casaisla.com.do\/index.php\/wp-json\/wp\/v2\/product"}],"about":[{"href":"https:\/\/casaisla.com.do\/index.php\/wp-json\/wp\/v2\/types\/product"}],"wp:featuredmedia":[{"embeddable":true,"href":"https:\/\/casaisla.com.do\/index.php\/wp-json\/wp\/v2\/media\/2455"}],"wp:attachment":[{"href":"https:\/\/casaisla.com.do\/index.php\/wp-json\/wp\/v2\/media?parent=2454"}],"wp:term":[{"taxonomy":"product_brand","embeddable":true,"href":"https:\/\/casaisla.com.do\/index.php\/wp-json\/wp\/v2\/product_brand?post=2454"},{"taxonomy":"product_cat","embeddable":true,"href":"https:\/\/casaisla.com.do\/index.php\/wp-json\/wp\/v2\/product_cat?post=2454"},{"taxonomy":"product_tag","embeddable":true,"href":"https:\/\/casaisla.com.do\/index.php\/wp-json\/wp\/v2\/product_tag?post=2454"}],"curies":[{"name":"wp","href":"https:\/\/api.w.org\/{rel}","templated":true}]}}